[INFO] cloning repository https://github.com/shanliu/actix-web-dome
[INFO] running `Command { std: "git" "-c" "credential.helper=" "-c" "credential.helper=/workspace/cargo-home/bin/git-credential-null" "clone" "--bare" "https://github.com/shanliu/actix-web-dome" "/workspace/cache/git-repos/https%3A%2F%2Fgithub.com%2Fshanliu%2Factix-web-dome", kill_on_drop: false }`
[INFO] [stderr] Cloning into bare repository '/workspace/cache/git-repos/https%3A%2F%2Fgithub.com%2Fshanliu%2Factix-web-dome'...
[INFO] running `Command { std: "git" "rev-parse" "HEAD", kill_on_drop: false }`
[INFO] [stdout] 47231d8b77657b0131626f0a408d764b2dccc525
[INFO] building shanliu/actix-web-dome against master#881c1ac408d93bb7adaa3a51dabab9266e82eee8 for issue-85264
[INFO] running `Command { std: "git" "clone" "/workspace/cache/git-repos/https%3A%2F%2Fgithub.com%2Fshanliu%2Factix-web-dome" "/workspace/builds/worker-12/source", kill_on_drop: false }`
[INFO] [stderr] Cloning into '/workspace/builds/worker-12/source'...
[INFO] [stderr] done.
[INFO] validating manifest of git repo https://github.com/shanliu/actix-web-dome on toolchain 881c1ac408d93bb7adaa3a51dabab9266e82eee8
[INFO] running `Command { std: "/workspace/cargo-home/bin/cargo" "+881c1ac408d93bb7adaa3a51dabab9266e82eee8" "metadata" "--manifest-path" "Cargo.toml" "--no-deps", kill_on_drop: false }`
[INFO] started tweaking git repo https://github.com/shanliu/actix-web-dome
[INFO] finished tweaking git repo https://github.com/shanliu/actix-web-dome
[INFO] tweaked toml for git repo https://github.com/shanliu/actix-web-dome written to /workspace/builds/worker-12/source/Cargo.toml
[INFO] running `Command { std: "/workspace/cargo-home/bin/cargo" "+881c1ac408d93bb7adaa3a51dabab9266e82eee8" "generate-lockfile" "--manifest-path" "Cargo.toml" "-Zno-index-update", kill_on_drop: false }`
[INFO] running `Command { std: "/workspace/cargo-home/bin/cargo" "+881c1ac408d93bb7adaa3a51dabab9266e82eee8" "fetch" "--manifest-path" "Cargo.toml", kill_on_drop: false }`
[INFO] [stderr]  Downloading crates ...
[INFO] [stderr]   Downloaded actix-web-actors v3.0.0
[INFO] [stderr]   Downloaded v_escape v0.13.2
[INFO] [stderr]   Downloaded actix-multipart v0.3.0
[INFO] [stderr]   Downloaded actix_derive v0.6.0
[INFO] [stderr]   Downloaded actix v0.11.1
[INFO] [stderr]   Downloaded rsa v0.3.0
[INFO] [stderr]   Downloaded zeroize v1.3.0
[INFO] [stderr]   Downloaded zeroize_derive v1.1.0
[INFO] [stderr]   Downloaded async-stream-impl v0.3.2
[INFO] [stderr]   Downloaded async-stream v0.3.2
[INFO] [stderr]   Downloaded twoway v0.2.2
[INFO] [stderr]   Downloaded v_htmlescape v0.10.4
[INFO] [stderr]   Downloaded tera v1.10.0
[INFO] [stderr]   Downloaded crossbeam-queue v0.3.2
[INFO] [stderr]   Downloaded actix-session v0.4.1
[INFO] [stderr]   Downloaded utf8-width v0.1.5
[INFO] [stderr]   Downloaded html-escape v0.2.9
[INFO] [stderr]   Downloaded num-bigint v0.3.2
[INFO] [stderr]   Downloaded redis-async v0.6.6
[INFO] [stderr]   Downloaded signal-hook-registry v1.4.0
[INFO] [stderr]   Downloaded crossbeam-utils v0.8.5
[INFO] [stderr]   Downloaded tokio-native-tls v0.1.0
[INFO] [stderr]   Downloaded humansize v1.1.1
[INFO] [stderr]   Downloaded simple_asn1 v0.4.1
[INFO] [stderr]   Downloaded num-bigint-dig v0.6.1
[INFO] [stderr]   Downloaded pem v0.8.3
[INFO] [stderr]   Downloaded regex-automata v0.1.10
[INFO] [stderr]   Downloaded backoff v0.2.1
[INFO] [stderr]   Downloaded actix-redis v0.9.2
[INFO] [stderr]   Downloaded actix_derive v0.5.0
[INFO] [stderr]   Downloaded actix v0.10.0
[INFO] [stderr]   Downloaded tracing-appender v0.1.2
[INFO] running `Command { std: "docker" "create" "-v" "/var/lib/crater-agent-workspace/builds/worker-12/target:/opt/rustwide/target:rw,Z" "-v" "/var/lib/crater-agent-workspace/builds/worker-12/source:/opt/rustwide/workdir:ro,Z" "-v" "/var/lib/crater-agent-workspace/cargo-home:/opt/rustwide/cargo-home:ro,Z" "-v" "/var/lib/crater-agent-workspace/rustup-home:/opt/rustwide/rustup-home:ro,Z" "-e" "SOURCE_DIR=/opt/rustwide/workdir" "-e" "CARGO_TARGET_DIR=/opt/rustwide/target" "-e" "CARGO_HOME=/opt/rustwide/cargo-home" "-e" "RUSTUP_HOME=/opt/rustwide/rustup-home" "-w" "/opt/rustwide/workdir" "-m" "1610612736" "--user" "0:0" "--network" "none" "ghcr.io/rust-lang/crates-build-env/linux@sha256:20528e8c29e4536546f0102ce88568b16ea7538393a33fcca951030f7af10457" "/opt/rustwide/cargo-home/bin/cargo" "+881c1ac408d93bb7adaa3a51dabab9266e82eee8" "metadata" "--no-deps" "--format-version=1", kill_on_drop: false }`
[INFO] [stderr] WARNING: Your kernel does not support swap limit capabilities or the cgroup is not mounted. Memory limited without swap.
[INFO] [stdout] 2830e9acf364432abddf38279b460b83c57dd7e59712599f54d30daa3f0257a4
[INFO] running `Command { std: "docker" "start" "-a" "2830e9acf364432abddf38279b460b83c57dd7e59712599f54d30daa3f0257a4", kill_on_drop: false }`
[INFO] running `Command { std: "docker" "inspect" "2830e9acf364432abddf38279b460b83c57dd7e59712599f54d30daa3f0257a4", kill_on_drop: false }`
[INFO] running `Command { std: "docker" "rm" "-f" "2830e9acf364432abddf38279b460b83c57dd7e59712599f54d30daa3f0257a4", kill_on_drop: false }`
[INFO] [stdout] 2830e9acf364432abddf38279b460b83c57dd7e59712599f54d30daa3f0257a4
[INFO] running `Command { std: "docker" "create" "-v" "/var/lib/crater-agent-workspace/builds/worker-12/target:/opt/rustwide/target:rw,Z" "-v" "/var/lib/crater-agent-workspace/builds/worker-12/source:/opt/rustwide/workdir:ro,Z" "-v" "/var/lib/crater-agent-workspace/cargo-home:/opt/rustwide/cargo-home:ro,Z" "-v" "/var/lib/crater-agent-workspace/rustup-home:/opt/rustwide/rustup-home:ro,Z" "-e" "SOURCE_DIR=/opt/rustwide/workdir" "-e" "CARGO_TARGET_DIR=/opt/rustwide/target" "-e" "CARGO_INCREMENTAL=0" "-e" "RUST_BACKTRACE=full" "-e" "RUSTFLAGS=--cap-lints=forbid" "-e" "CARGO_HOME=/opt/rustwide/cargo-home" "-e" "RUSTUP_HOME=/opt/rustwide/rustup-home" "-w" "/opt/rustwide/workdir" "-m" "1610612736" "--user" "0:0" "--network" "none" "ghcr.io/rust-lang/crates-build-env/linux@sha256:20528e8c29e4536546f0102ce88568b16ea7538393a33fcca951030f7af10457" "/opt/rustwide/cargo-home/bin/cargo" "+881c1ac408d93bb7adaa3a51dabab9266e82eee8" "build" "--frozen" "--message-format=json", kill_on_drop: false }`
[INFO] [stdout] 83037a331474934b96eb6cbe28c0d28ce172bf470e7b0ecf8a6e77e7e2d99cdb
[INFO] [stderr] WARNING: Your kernel does not support swap limit capabilities or the cgroup is not mounted. Memory limited without swap.
[INFO] running `Command { std: "docker" "start" "-a" "83037a331474934b96eb6cbe28c0d28ce172bf470e7b0ecf8a6e77e7e2d99cdb", kill_on_drop: false }`
[INFO] [stderr]     Blocking waiting for file lock on package cache
[INFO] [stderr]    Compiling autocfg v1.0.1
[INFO] [stderr]    Compiling cfg-if v1.0.0
[INFO] [stderr]    Compiling libc v0.2.95
[INFO] [stderr]    Compiling log v0.4.14
[INFO] [stderr]    Compiling smallvec v1.6.1
[INFO] [stderr]    Compiling futures-task v0.3.15
[INFO] [stderr]    Compiling futures-io v0.3.15
[INFO] [stderr]    Compiling pin-project-lite v0.1.12
[INFO] [stderr]    Compiling serde v1.0.126
[INFO] [stderr]    Compiling ppv-lite86 v0.2.10
[INFO] [stderr]    Compiling getrandom v0.1.16
[INFO] [stderr]    Compiling subtle v2.4.0
[INFO] [stderr]    Compiling ahash v0.4.7
[INFO] [stderr]    Compiling pin-project-internal v0.4.28
[INFO] [stderr]    Compiling serde_json v1.0.64
[INFO] [stderr]    Compiling pkg-config v0.3.19
[INFO] [stderr]    Compiling copyless v0.1.5
[INFO] [stderr]    Compiling match_cfg v0.1.0
[INFO] [stderr]    Compiling quick-error v1.2.3
[INFO] [stderr]    Compiling cpuid-bool v0.2.0
[INFO] [stderr]    Compiling crossbeam-utils v0.8.5
[INFO] [stderr]    Compiling openssl v0.10.34
[INFO] [stderr]    Compiling ucd-trie v0.1.3
[INFO] [stderr]    Compiling openssl-probe v0.1.4
[INFO] [stderr]    Compiling crossbeam-queue v0.3.2
[INFO] [stderr]    Compiling same-file v1.0.6
[INFO] [stderr]    Compiling v_escape v0.13.2
[INFO] [stderr]    Compiling v_htmlescape v0.10.4
[INFO] [stderr]    Compiling httpdate v1.0.1
[INFO] [stderr]    Compiling unchecked-index v0.2.2
[INFO] [stderr]    Compiling ipnet v2.3.0
[INFO] [stderr]    Compiling humansize v1.1.1
[INFO] [stderr]    Compiling utf8-width v0.1.5
[INFO] [stderr]    Compiling lazy_static v1.4.0
[INFO] [stderr]    Compiling cookie v0.14.4
[INFO] [stderr]    Compiling unicase v2.6.0
[INFO] [stderr]    Compiling ahash v0.6.3
[INFO] [stderr]    Compiling buf-min v0.1.1
[INFO] [stderr]    Compiling regex-automata v0.1.10
[INFO] [stderr]    Compiling form_urlencoded v1.0.1
[INFO] [stderr]    Compiling instant v0.1.9
[INFO] [stderr]    Compiling fxhash v0.2.1
[INFO] [stderr]    Compiling lru-cache v0.1.2
[INFO] [stderr]    Compiling hashbrown v0.9.1
[INFO] [stderr]    Compiling num-bigint-dig v0.6.1
[INFO] [stderr]    Compiling walkdir v2.3.2
[INFO] [stderr]    Compiling pest v2.1.3
[INFO] [stderr]    Compiling html-escape v0.2.9
[INFO] [stderr]    Compiling tracing-core v0.1.18
[INFO] [stderr]    Compiling sharded-slab v0.1.1
[INFO] [stderr]    Compiling unicode-normalization v0.1.18
[INFO] [stderr]    Compiling http-body v0.4.2
[INFO] [stderr]    Compiling futures-macro v0.3.15
[INFO] [stderr]    Compiling futures-util v0.3.15
[INFO] [stderr]    Compiling num-traits v0.2.14
[INFO] [stderr]    Compiling num-integer v0.1.44
[INFO] [stderr]    Compiling indexmap v1.6.2
[INFO] [stderr]    Compiling crossbeam-utils v0.7.2
[INFO] [stderr]    Compiling miniz_oxide v0.4.4
[INFO] [stderr]    Compiling tokio v1.6.1
[INFO] [stderr]    Compiling num-iter v0.1.42
[INFO] [stderr]    Compiling num-bigint v0.2.6
[INFO] [stderr]    Compiling num-bigint v0.3.2
[INFO] [stderr]    Compiling crc32fast v1.2.1
[INFO] [stderr]    Compiling encoding_rs v0.8.28
[INFO] [stderr]    Compiling bstr v0.2.16
[INFO] [stderr]    Compiling twoway v0.2.2
[INFO] [stderr]    Compiling lexical-core v0.7.6
[INFO] [stderr]    Compiling openssl-sys v0.9.63
[INFO] [stderr]    Compiling hashlink v0.6.0
[INFO] [stderr]    Compiling nom v4.2.3
[INFO] [stderr]    Compiling cipher v0.2.5
[INFO] [stderr]    Compiling universal-hash v0.4.0
[INFO] [stderr]    Compiling crypto-mac v0.10.0
[INFO] [stderr]    Compiling aead v0.3.2
[INFO] [stderr]    Compiling want v0.3.0
[INFO] [stderr]    Compiling tracing-log v0.1.2
[INFO] [stderr]    Compiling matchers v0.0.1
[INFO] [stderr]    Compiling tokio-macros v0.2.6
[INFO] [stderr]    Compiling actix-macros v0.1.3
[INFO] [stderr]    Compiling enum-as-inner v0.3.3
[INFO] [stderr]    Compiling actix_derive v0.5.0
[INFO] [stderr]    Compiling synstructure v0.12.4
[INFO] [stderr]    Compiling actix-web-codegen v0.4.0
[INFO] [stderr]    Compiling actix_derive v0.6.0
[INFO] [stderr]    Compiling async-stream-impl v0.3.2
[INFO] [stderr]    Compiling pem v0.8.3
[INFO] [stderr]    Compiling parse-zoneinfo v0.3.0
[INFO] [stderr]    Compiling sha2 v0.9.5
[INFO] [stderr]    Compiling sha-1 v0.9.6
[INFO] [stderr]    Compiling hmac v0.10.1
[INFO] [stderr]    Compiling crossbeam-channel v0.5.1
[INFO] [stderr]    Compiling polyval v0.4.5
[INFO] [stderr]    Compiling aes-soft v0.6.4
[INFO] [stderr]    Compiling ctr v0.6.0
[INFO] [stderr]    Compiling globset v0.4.6
[INFO] [stderr]    Compiling idna v0.2.3
[INFO] [stderr]    Compiling stringprep v0.1.2
[INFO] [stderr]    Compiling semver-parser v0.10.2
[INFO] [stderr]    Compiling pest_meta v2.1.3
[INFO] [stderr]    Compiling signal-hook-registry v1.4.0
[INFO] [stderr]    Compiling iovec v0.1.4
[INFO] [stderr]    Compiling net2 v0.2.37
[INFO] [stderr]    Compiling num_cpus v1.13.0
[INFO] [stderr]    Compiling parking_lot_core v0.8.3
[INFO] [stderr]    Compiling getrandom v0.2.3
[INFO] [stderr]    Compiling hostname v0.3.1
[INFO] [stderr]    Compiling time v0.1.43
[INFO] [stderr]    Compiling mio v0.7.11
[INFO] [stderr]    Compiling brotli-sys v0.3.2
[INFO] [stderr]    Compiling socket2 v0.3.19
[INFO] [stderr]    Compiling socket2 v0.4.0
[INFO] [stderr]    Compiling mime_guess v2.0.3
[INFO] [stderr]    Compiling tracing v0.1.26
[INFO] [stderr]    Compiling v_escape_derive v0.8.4
[INFO] [stderr]    Compiling nom v6.1.2
[INFO] [stderr]    Compiling hkdf v0.10.0
[INFO] [stderr]    Compiling ghash v0.3.1
[INFO] [stderr]    Compiling aes v0.6.0
[INFO] [stderr]    Compiling flate2 v1.0.20
[INFO] [stderr]    Compiling zeroize_derive v1.1.0
[INFO] [stderr]    Compiling chrono-tz v0.5.3
[INFO] [stderr]    Compiling crossbeam-channel v0.4.4
[INFO] [stderr]    Compiling ignore v0.4.17
[INFO] [stderr]    Compiling async-stream v0.3.2
[INFO] [stderr]    Compiling mio v0.6.23
[INFO] [stderr]    Compiling threadpool v1.8.1
[INFO] [stderr]    Compiling atoi v0.4.0
[INFO] [stderr]    Compiling parking_lot v0.11.1
[INFO] [stderr]    Compiling rand_core v0.5.1
[INFO] [stderr]    Compiling rand_core v0.6.2
[INFO] [stderr]    Compiling url v2.2.2
[INFO] [stderr]    Compiling resolv-conf v0.7.0
[INFO] [stderr]    Compiling brotli2 v0.3.2
[INFO] [stderr]    Compiling time v0.2.26
[INFO] [stderr]    Compiling pest_generator v2.1.3
[INFO] [stderr]    Compiling native-tls v0.2.7
[INFO] [stderr]    Compiling aes-gcm v0.8.0
[INFO] [stderr]    Compiling chrono v0.4.19
[INFO] [stderr]    Compiling globwalk v0.8.1
[INFO] [stderr]    Compiling rand_chacha v0.2.2
[INFO] [stderr]    Compiling mio-uds v0.6.8
[INFO] [stderr]    Compiling actix-threadpool v0.3.3
[INFO] [stderr]    Compiling rand_chacha v0.3.0
[INFO] [stderr]    Compiling pin-project v0.4.28
[INFO] [stderr]    Compiling zeroize v1.3.0
[INFO] [stderr]    Compiling tokio v0.2.25
[INFO] [stderr]    Compiling rand v0.7.3
[INFO] [stderr]    Compiling sqlformat v0.1.6
[INFO] [stderr]    Compiling rand v0.8.3
[INFO] [stderr]    Compiling simple_asn1 v0.4.1
[INFO] [stderr]    Compiling pest_derive v2.1.0
[INFO] [stderr]    Compiling futures-executor v0.3.15
[INFO] [stderr]    Compiling actix-service v1.0.6
[INFO] [stderr]    Compiling serde_urlencoded v0.7.0
[INFO] [stderr]    Compiling actix-router v0.2.7
[INFO] [stderr]    Compiling cargo-platform v0.1.1
[INFO] [stderr]    Compiling semver v0.11.0
[INFO] [stderr]    Compiling tracing-serde v0.1.2
[INFO] [stderr]    Compiling backoff v0.2.1
[INFO] [stderr]    Compiling futures v0.3.15
[INFO] [stderr]    Compiling tracing-futures v0.2.5
[INFO] [stderr]    Compiling cargo_metadata v0.12.3
[INFO] [stderr]    Compiling tracing-subscriber v0.2.18
[INFO] [stderr]    Compiling rsa v0.3.0
[INFO] [stderr]    Compiling tokio-util v0.6.7
[INFO] [stderr]    Compiling tokio-native-tls v0.3.0
[INFO] [stderr]    Compiling actix-rt v2.2.0
[INFO] [stderr]    Compiling h2 v0.3.3
[INFO] [stderr]    Compiling actix v0.11.1
[INFO] [stderr]    Compiling tokio-util v0.3.1
[INFO] [stderr]    Compiling actix-rt v1.1.1
[INFO] [stderr]    Compiling trust-dns-proto v0.19.7
[INFO] [stderr]    Compiling tokio-native-tls v0.1.0
[INFO] [stderr]    Compiling tracing-appender v0.1.2
[INFO] [stderr]    Compiling sqlx-rt v0.2.0
[INFO] [stderr]    Compiling actix-codec v0.3.0
[INFO] [stderr]    Compiling h2 v0.2.7
[INFO] [stderr]    Compiling redis-async v0.6.6
[INFO] [stderr]    Compiling sqlx-core v0.4.2
[INFO] [stderr]    Compiling actix-utils v2.0.0
[INFO] [stderr]    Compiling actix-server v1.0.4
[INFO] [stderr]    Compiling actix-tls v2.0.0
[INFO] [stderr]    Compiling actix-testing v1.0.1
[INFO] [stderr]    Compiling trust-dns-resolver v0.19.7
[INFO] [stderr]    Compiling tera v1.10.0
[INFO] [stderr]    Compiling actix-connect v2.0.0
[INFO] [stderr]    Compiling actix v0.10.0
[INFO] [stderr]    Compiling sqlx-macros v0.4.2
[INFO] [stderr]    Compiling hyper v0.14.8
[INFO] [stderr]    Compiling actix-http v2.2.0
[INFO] [stderr]    Compiling awc v2.0.3
[INFO] [stderr]    Compiling actix-web v3.3.2
[INFO] [stderr]    Compiling hyper-tls v0.5.0
[INFO] [stderr]    Compiling reqwest v0.11.3
[INFO] [stderr]    Compiling sqlx v0.4.2
[INFO] [stderr]    Compiling actix-session v0.4.1
[INFO] [stderr]    Compiling actix-files v0.3.0
[INFO] [stderr]    Compiling actix-web-actors v3.0.0
[INFO] [stderr]    Compiling actix-multipart v0.3.0
[INFO] [stderr]    Compiling actix-redis v0.9.2
[INFO] [stderr]    Compiling untitled v0.1.0 (/opt/rustwide/workdir)
[INFO] [stdout] error[E0277]: the trait bound `RedisActor: Actor` is not satisfied
[INFO] [stdout]   --> src/handlers/mod.rs:33:15
[INFO] [stdout]    |
[INFO] [stdout] 33 |     pub redis:Addr<RedisActor>
[INFO] [stdout]    |               ^^^^^^^^^^^^^^^^ the trait `Actor` is not implemented for `RedisActor`
[INFO] [stdout]    | 
[INFO] [stdout]   ::: /opt/rustwide/cargo-home/registry/src/github.com-1ecc6299db9ec823/actix-0.11.1/src/address/mod.rs:77:20
[INFO] [stdout]    |
[INFO] [stdout] 77 | pub struct Addr<A: Actor> {
[INFO] [stdout]    |                    ----- required by this bound in `Addr`
[INFO] [stdout] 
[INFO] [stdout] 
[INFO] [stdout] error[E0277]: the trait bound `MyWs: actix::actor::Actor` is not satisfied
[INFO] [stdout]    --> src/handlers/ws.rs:9:5
[INFO] [stdout]     |
[INFO] [stdout] 9   |     type Context = ws::WebsocketContext<Self>;
[INFO] [stdout]     |     ^^^^^^^^^^^^^^^^^^^^^^^^^^^^^^^^^^^^^^^^^^ the trait `actix::actor::Actor` is not implemented for `MyWs`
[INFO] [stdout]     | 
[INFO] [stdout]    ::: /opt/rustwide/cargo-home/registry/src/github.com-1ecc6299db9ec823/actix-web-actors-3.0.0/src/ws.rs:181:8
[INFO] [stdout]     |
[INFO] [stdout] 181 |     A: Actor<Context = WebsocketContext<A>>,
[INFO] [stdout]     |        ------------------------------------ required by this bound in `WebsocketContext`
[INFO] [stdout] 
[INFO] [stdout] 
[INFO] [stdout] error[E0277]: the trait bound `MyWs: actix::actor::Actor` is not satisfied
[INFO] [stdout]    --> src/handlers/ws.rs:17:14
[INFO] [stdout]     |
[INFO] [stdout] 17  |         ctx: &mut Self::Context,
[INFO] [stdout]     |              ^^^^^^^^^^^^^^^^^^ the trait `actix::actor::Actor` is not implemented for `MyWs`
[INFO] [stdout]     | 
[INFO] [stdout]    ::: /opt/rustwide/cargo-home/registry/src/github.com-1ecc6299db9ec823/actix-web-actors-3.0.0/src/ws.rs:181:8
[INFO] [stdout]     |
[INFO] [stdout] 181 |     A: Actor<Context = WebsocketContext<A>>,
[INFO] [stdout]     |        ------------------------------------ required by this bound in `WebsocketContext`
[INFO] [stdout] 
[INFO] [stdout] 
[INFO] [stdout] error: aborting due to 3 previous errors
[INFO] [stdout] 
[INFO] [stdout] 
[INFO] [stdout] For more information about this error, try `rustc --explain E0277`.
[INFO] [stdout] 
[INFO] [stderr] error: could not compile `untitled`
[INFO] [stderr] 
[INFO] [stderr] To learn more, run the command again with --verbose.
[INFO] running `Command { std: "docker" "inspect" "83037a331474934b96eb6cbe28c0d28ce172bf470e7b0ecf8a6e77e7e2d99cdb", kill_on_drop: false }`
[INFO] running `Command { std: "docker" "rm" "-f" "83037a331474934b96eb6cbe28c0d28ce172bf470e7b0ecf8a6e77e7e2d99cdb", kill_on_drop: false }`
[INFO] [stdout] 83037a331474934b96eb6cbe28c0d28ce172bf470e7b0ecf8a6e77e7e2d99cdb
